ainder when o(4) is divided by x.
20
Suppose -2*x + 15 = 4*n - n, -17 = -2*x - 5*n. Let a = 35 + 101. Let s = -122 + a. Calculate the remainder when s is divided by x.
2
Let b be (-42)/30 - -2 - 6/10. Suppose -2*s = b, -4*l - 7*s = -3*s - 56. Calculate the remainder when 54 is divided by l.
12
Let k be (-27)/(-81) - (-1)/(-3). Suppose -l = -4*d - 138, 2*l + 4*d - 144 - 144 = k. Calculate the remainder when l is divided by 9.
7
Let j(t) = 5*t**3 - 10*t**2 + t - 8. Suppose 8*n = 14*n - 30. Let a be j(n). Suppose -11*q = -5*q - a. Calculate the remainder when q is divided by 7.
6
What is the remainder when 73 is divided by ((-8)/6)/((-106)/51 - -2)?
5
Suppose -98*h - 10959 = -103*h + 3*c, -6 = -3*c. What is the remainder when 2205 is divided by h?
12
Let z(u) = 3*u**2 + 1. Let s be z(-1). Suppose -s*h = -4*a - 92, 4*a = -3*h - 0*h + 69. What is the remainder when 65 is divided by h?
19
Suppose 44*q - 318 - 518 = 0. Let r be (-130)/(-25) + 2/(-10). Suppose q = 2*x - r. What is the remainder when x is divided by 5?
2
Suppose 0 = -5*p + 4*p + 5. Suppose -p*r + 5*i - 5 = -65, i - 20 = -r. Suppose 60 = r*w - 13*w. What is the remainder when 74 is divided by w?
14
Let l(s) = s - 4. Let u be l(4). Suppose 5 + u = b. Let k = -6 + 45. What is the remainder when k is divided by b?
4
Let d(x) = 0 - 25*x**2 - 26*x + 26 - 5*x**3 + 4*x**3. Let g be d(-24). Let p = 100 - g. What is the remainder when p is divided by 7?
5
Suppose -d + 58 = 3*t, -61*d + 3*t + 98 = -59*d. Calculate the remainder when 310 is divided by d.
50
Calculate the remainder when 3105 is divided by ((-8)/(-16))/(2/148).
34
Suppose 0 = -3*o + 15, -u - 2*o = 2*u - 934. Let j = u - 159. Calculate the remainder when j is divided by 25.
24
Suppose 0 = -g + 835*m - 836*m + 265, 528 = 2*g + 4*m. Calculate the remainder when g is divided by 81.
23
Let y = 1272 - 1251. Calculate the remainder when 9069 is divided by y.
18
Let h(s) = 78*s - 294. Let i be h(7). Suppose -i + 387 = 9*k. Suppose 2*l - 286 = -l - 5*a, -4*l + a + 412 = 0. Calculate the remainder when l is divided by k.
12
Suppose 0 = 5*f, 3*w = 3*f + 1 + 41. Calculate the remainder when 167 is divided by w.
13
Let j = -13 + 35. What is the remainder when (76 + -1)/((-8)/(-16)) is divided by j?
18
Let a(l) = -4*l + 51. Let m be a(12). Suppose -2*d = -z + 20, -3*z + d + m*d + 54 = 0. What is the remainder when z is divided by 5?
4
Let i(r) = r**2 - 7*r - 16. Suppose 56*u = 55*u + 10. What is the remainder when 55 is divided by i(u)?
13
Suppose -r - 5 + 9 = 0. Calculate the remainder when 128 is divided by (r/(-14))/(1/(-49)) + -4.
8
Let m(q) = -q + 3. Suppose 21 = 2*k + 15. Let d be m(k). Suppose -15*x + 20*x - 295 = d. What is the remainder when x is divided by 20?
19
Let z be (-2)/(-3)*-66 + -3. Let t = z - -63. Suppose t*j - 27 = 13*j. Calculate the remainder when 17 is divided by j.
8
Suppose 335*q = 606301 - 11341. What is the remainder when q is divided by 882?
12
Calculate the remainder when ((-500)/100)/((-5)/447) is divided by 161.
125
Suppose 9*w - 183*w - 64*w + 81158 = 0. Calculate the remainder when w is divided by 74.
45
Suppose 5*c - 8 = 17. Suppose -11*s + 462 = -c*s. Suppose -2*b - 3*r = -s, -5*r = -b + 15 + 17. Calculate the remainder when b is divided by 13.
11
Suppose 2*x + 18 = 60. Suppose 0 = -13*w + 9*w + 16. What is the remainder when 1 + 2864/28 + w/(-14) is divided by x?
19
Let y = 18238 - 17987. Calculate the remainder when y is divided by 164.
87
What is the remainder when 410 is divided by (-4 - (1 + 0))*(22 + 152/(-5))?
32
Suppose -5*a = j - 1388, 2*a + 5*j = -2*a + 1123. Suppose -5*b + 5 = 0, 0*c = -3*c - b + a. What is the remainder when c is divided by 14?
8
Let d be 231/15 + (-39)/(-65). Let s = 100 - d. Let w = s + -54. Calculate the remainder when 44 is divided by w.
14
Let w = -114 + 125. Suppose 17*c - 9 - 59 = 0. Calculate the remainder when w is divided by c.
3
Suppose -10*d - 3506 - 2542 = -154*d. What is the remainder when d is divided by 10/55 + 1750/55?
10
Let x(q) = -q**3 - 101*q - q**3 + 98*q + 6. What is the remainder when 137 is divided by x(-3)?
68
Let h(z) = 3*z**2 + 306*z + 2076. What is the remainder when 390 is divided by h(-7)?
66
Suppose -3 + 65 = 2*v. Let l = 1124 - 674. Calculate the remainder when 4/(5*6/l) is divided by v.
29
Suppose 11*r - 74 = -26*r. Suppose 5*h - 6*h = -2*i - 8, r*h - 25 = i. What is the remainder when 265 is divided by h?
13
Suppose -5*u - m + 0 = -1, 5*u - 5*m = 25. Suppose -13021 = 27*j + 3584. Let h = j + 620. Calculate the remainder when h is divided by u.
0
Let j be 0*4/(16/4). Suppose j*y = y - 7. Suppose 75 = -4*b + y*b. What is the remainder when b is divided by 6?
1
Let t = 45293 + -45262. Calculate the remainder when 122 is divided by t.
29
Let y = 5 - -29. Calculate the remainder when 184 is divided by -1*(-4 - -6 - -1 - y).
29
Suppose -q + 0*q + 4 = 0. Suppose 4*f + 17 = -j, j = f + q - 1. Let u(h) = -h**3 + 2*h**2 + 8*h + 11. What is the remainder when u(f) is divided by 20?
15
Let f(z) = -28*z + 64. Let w be 0 + 1 - (12/4 + -4). Calculate the remainder when 33 is divided by f(w).
1
Suppose 5*u = 5*z - 3*z - 153, -2*u = z - 99. Let o be 22/1*3/6. Let d = 7 + o. What is the remainder when z is divided by d?
17
Suppose 0 = 5*r + 3*q + 20, 3*q + 1 = -3*r - 23. Suppose -15 = -5*n - 0, -13 = -l + 5*n. Let g = l + -17. What is the remainder when g is divided by r?
1
Suppose 60 = 2*x + 2*i, -24 = -x - 4*i + 6. Suppose 4*b - 21 = -5*w + b, 5*w - 5*b - 45 = 0. Calculate the remainder when 95 is divided by 1*(-1)/w + 965/x.
31
What is the remainder when (-11)/(165/(-42))*(1 + 1786/4) is divided by 210?
203
Suppose 112 = 6*t + 4. Suppose w + t = 2*c, -2*w - 16 = -5*c + 28. Suppose c = 6*a - 88. What is the remainder when 124 is divided by a?
12
Let t = -101 + 128. Suppose -t*d = -22*d - 50. Suppose 5*h = d*h - 2*c - 95, -90 = -5*h + c. Calculate the remainder when 57 is divided by h.
6
Suppose -5*c = -10*c - 30. What is the remainder when 40 is divided by 24*(-4)/c - -1?
6
Suppose 3*r = 14 - 2. Suppose -r = j - 14. Suppose -5*x + 0*n + 171 = -3*n, 4*x - 138 = 2*n. Calculate the remainder when x is divided by j.
6
Let v(m) = m**3 + 5*m**2 - 5*m - 28. Let p be v(-9). Let k = p + 318. What is the remainder when k is divided by 3?
2
Let s be -8*(-4)/((-80)/95). Suppose 0 = 3*t + 2*t + 105. Let u = t - s. Calculate the remainder when 28 is divided by u.
11
Let y = -179 + 185. Suppose 3*n - 922 = -2*f, 6 = y*n - 3*n. What is the remainder when f is divided by 33?
29
Let n(d) = d**2 + 6*d + 6. Suppose -2*i = 34*i - 144. Calculate the remainder when n(-6) is divided by (-4)/(-6)*(8/i - -7).
0
Suppose 5*a - 2692 = -3*y - 0*a, -3*y - 4*a + 2687 = 0. Suppose 0 = -4*t - 3*w + 1185, 3*t - 34*w - y = -36*w. Calculate the remainder when t is divided by 60.
57
Suppose -l - 3*d + 25 = 0, -d - 5 = 3*l - 72. Let q be ((-6)/2)/(-3) - 1. Suppose q = -58*w + 63*w - 70. What is the remainder when l is divided by w?
8
Let i(x) = -2*x**2 + 2*x + 48. Let a be i(10). Suppose 2*y = 28 - 4. Calculate the remainder when y is divided by (-352)/a + 1/3.
0
Suppose -288*j - 12 = -285*j. What is the remainder when 123 is divided by (5 + 2 + j)*(-104)/(-12)?
19
Let g = -37903 - -37942. Calculate the remainder when 2956 is divided by g.
31
Let w(b) be the first derivative of b**4/4 + 4*b**3/3 - 3*b**2/2 + 16*b - 40. What is the remainder when 16 is divided by w(-5)?
4
Let l = 2741 + -1558. Suppose 0 = -25*d - 58 + l. Calculate the remainder when 313 is divided by d.
43
Let l(n) = 41*n**3 - n + 1. Suppose b - 4 = 2*b - c, 4*c = 3*b + 17. Let y = 143 - -101. Calculate the remainder when y is divided by l(b).
39
Let l be (4 - 1)*13*11/33. Calculate the remainder when 225 is divided by l/(-182) - (-3308)/56.
48
Suppose -5*y + 18 = h, -5*h + 0*y + 30 = 5*y. Suppose h*d - 8*d = -550. Calculate the remainder when d is divided by 2/(1*3/24).
14
Suppose s = 5*g + 6, s = -4*s - 4*g + 146. What is the remainder when 273/5 + s/65 is divided by -1 + 1/2 + 41/2?
15
Suppose 41*q - q = -7*q + 28764. What is the remainder when q is divided by 41?
38
Suppose 0 = 28*r - 588 - 504. Suppose 0 = -4*b - 3*c + 597, 0*b - 3*b + 3*c = -432. Calculate the remainder when b is divided by r.
30
Let k be (-7)/(1 - -6) + 4 +